 l?
2, 71
Let g(s) = 9*s + 55. Let b be g(-6). What are the prime factors of (10 + -11)/(b/(-388))?
2, 97
Let f(n) = 199*n**2 - 3*n + 10. Let g be f(-4). Suppose -13*b = -g - 9170. What are the prime factors of b?
2, 7, 17
Let f(g) = 1476*g**2 - 121*g + 667. List the prime factors of f(7).
2, 3, 167
Suppose 0 = -51*p + 52*p. Suppose -14*d + 17*d - 1734 = p. List the prime factors of d.
2, 17
Let x(i) = i + 23. Let w be x(-26). Let z be w/7 - 195*(-48)/(-63). Let y = -77 - z. What are the prime factors of y?
2, 3
Let p = -1919 + 1337. Let r = 835 + p. Suppose -4*y = -4*a - a - 960, y + 2*a - r = 0. List the prime factors of y.
5, 7
Let j be 43 + 7/(-4 + -3). Let h = 391 - j. What are the prime factors of h?
349
Suppose -242*y + 245*y = 4617. Suppose -20 = -5*i, 2*s - y = -i + 1725. List the prime factors of s.
2, 5, 163
Let j = 58 + -56. Suppose 3*o = -6, 4*f + 20 = -0*f - j*o. What are the prime factors of 3 + (4 - 344/f)?
3, 31
Let z(f) = 8*f - 58. Suppose b - 3*g = 5, 8*g = -b + 7*g + 17. List the prime factors of z(b).
2, 3
Suppose 0 = -r - 9*j + 10*j + 81862, 2*r - 163760 = -4*j. What are the prime factors of r?
2, 97, 211
Let t(f) = 3*f**2 + 225*f + 64. What are the prime factors of t(-96)?
2, 191
Suppose 0 = 5*p - 3*t - 41581 - 32229, 5*t = -25. What are the prime factors of p?
14759
Let k(f) = 14 - 13 - 7*f + 3*f - f**3 - 4*f**2. Let c be k(-3). Suppose 3*u - 201 = 3*j, -4*j + 371 = c*u + u. List the prime factors of u.
71
Let a(p) = p + 22. Let d be a(-20). Suppose o = d*x + 719, -4*o + 3543 = o + 3*x. List the prime factors of o.
3, 79
Suppose -125 - 1522 = -2*x - 5*g, -g - 3349 = -4*x. Suppose w + 71 = -d + 483, 2*w - x = 4*d. List the prime factors of w.
2, 3, 23
Suppose 17*j + 34 = -34. Let t(g) = -60*g - 75. List the prime factors of t(j).
3, 5, 11
Suppose 4*l + 37*s = 36*s + 12112, 5*l - 15119 = 4*s. List the prime factors of l.
3, 1009
Let b = -48352 + 111179. List the prime factors of b.
62827
What are the prime factors of (-1 + -1 - 9655/(-3))/((-6)/(-36))?
2, 9649
Let i(c) = 10*c + 27. Let k = 465 - 458. List the prime factors of i(k).
97
Suppose -2*d - 1 = 43. Let s = d + 217. Suppose 0 = 3*v - 3*t - 213, -5*v - 2*t + 153 + s = 0. What are the prime factors of v?
2, 5, 7
Let c(b) = 2*b**3 - 8*b**2 - 28*b + 50. Let m be c(11). Let g = m - 684. What are the prime factors of g?
2, 47
Suppose 14*v - 490035 = -91*v. What are the prime factors of v?
13, 359
Let j(o) = 3*o**2 + 24*o + 121. What are the prime factors of j(51)?
2, 2287
What are the prime factors of (7/3)/((-306)/(-54) + -6) - -32212?
3, 5, 19, 113
Suppose 89 = -12*t + 125. Suppose 0 = t*i, -4*v - i = -0*v - 44. List the prime factors of v.
11
Suppose 4*d - 36 = 2*d + 4*x, 24 = 3*d + 4*x. List the prime factors of (-9)/(702/d) + (-66501)/(-39).
5, 11, 31
Let l(b) = 147*b**3 - b**2 - 13*b + 45. What are the prime factors of l(4)?
5, 1877
What are the prime factors of (59262/595)/(4/5*(-4)/(-128))?
2, 3, 83
Let i(o) = o**2 - o + 1. Let b(x) = -10*x**2 - x - 8. Let q(d) = -b(d) - 3*i(d). Let m be -3 + -3 + (15/(-9) - (-5)/3). What are the prime factors of q(m)?
233
Let o(q) = -9*q + 552. Suppose 55*y = 67*y. What are the prime factors of o(y)?
2, 3, 23
Suppose 2078*t + 282184 = 2106*t. What are the prime factors of t?
2, 5039
Suppose 5*d + 4*s - 25 = 0, 2*d + 5*s = 1 + 9. Suppose -d*t + 63 = 2*t. List the prime factors of t.
3
Let p(q) = -q**2 + 60*q - 154. List the prime factors of p(14).
2, 5, 7
Let m be 53*7/((-84)/(-30))*-2. Let s = m - -839. List the prime factors of s.
2, 7, 41
Suppose -21 + 11 = -10*r. What are the prime factors of ((-8)/6)/(r - (-16)/(-12))?
2
Let r be 7/(105/54)*3*5. Suppose x + 3556 = 5*a, a + 3*x - 762 + r = 0. List the prime factors of a.
3, 79
Let o(c) = 34*c**2 + 9*c + 7. Suppose -5*l + 10 = -5*a, 0 = -2*a - 2*a - 2*l - 38. What are the prime factors of o(a)?
2, 5, 7, 23
Let z be (4 - (-40)/(-12)) + (-5)/3. What are the prime factors of z + 1/(-3)*-951?
2, 79
Let x(h) = 1457*h - 1634. What are the prime factors of x(14)?
2, 4691
Let a(s) = 2*s**2 + 91*s + 871. List the prime factors of a(-72).
43, 109
Suppose -6*h + 10320 = -7458. What are the prime factors of h?
2963
Suppose -m - m = 5*r - 7128, 4282 = 3*r - 4*m. Suppose 2*g - 3*f = r, -30*f = -25*f. List the prime factors of g.
23, 31
Let n be ((-64)/6)/(1/(837/(-6))). Let p = n + -667. What are the prime factors of p?
821
Suppose 7*b - 10 = 2*b - 2*t, -3*b + 2*t = -22. Let v(g) = 5*g**3 - 11*g**2 + 7*g - 7. Let f be v(b). Let r = f + -2. List the prime factors of r.
163
Let a be 12/(5 - 1) + 3*5. Suppose -t + 2*f = 2*t - a, 5*f = 0. Suppose t*y - 179 = 223. List the prime factors of y.
67
Suppose 0*r + 3*t - 15 = -4*r, 5*r - t = 14. Let a(k) = 5*k**2 + 24*k - 9. List the prime factors of a(r).
2, 3
Suppose -4*j + 4 = 2*g, -4*g - j + 8 = -6*j. Suppose 0 = -g*b - 2*x - 4, -b - x = -3*b + 5. List the prime factors of 10*11 - b*8/4.
2, 3
Let k be (-1)/(-4) + (-27)/12 - -2. Let n be ((-3)/(-12)*k)/3. What are the prime factors of (-42)/189 + 533/9 + n?
59
Suppose -4*c = 5*c - 225. Suppose -13716 = -c*j + 7*j. List the prime factors of j.
2, 3, 127
Suppose -9559550 = -149*r - 64*r + 31*r. List the prime factors of r.
5, 11, 191
Let o(p) = 463*p + 2050. List the prime factors of o(31).
47, 349
Let b(r) = r**3 - 4*r**2 + 13*r - 26. Suppose -23*n + 92 = -23. List the prime factors of b(n).
2
Let y(v) = 659*v**2 - 1 - 658*v**2 - 23. List the prime factors of y(16).
2, 29
What are the prime factors of (-25)/10*(-146416)/20?
2, 9151
Let a(o) = 7*o**2 - 2*o + 9. Let s be a(6). Let u = s - -94. List the prime factors of u.
7
Suppose -94511 = -5*c - t - 26714, 4*t + 27110 = 2*c. What are the prime factors of c?
7, 13, 149
Let r(c) = c**2 - 12*c + 33. Let w(o) = 2*o**2 - 4*o - 5. Let d = -18 - -16. Let h be w(d). List the prime factors of r(h).
2, 11
Let v(l) = l**3 - 4*l**2 + 20*l - 77. List the prime factors of v(11).
2, 3, 5, 11
Suppose 8*w - 4155 - 10828 - 7961 = 0. What are the prime factors of w?
2, 3, 239
Let h(y) = -264*y**2 - 2. Let t be h(1). Let p = t - -755. What are the prime factors of p?
3, 163
Let z(g) = 75*g**2 - g - 37. List the prime factors of z(11).
3, 17, 59
Let j(m) = 2*m + 20. Let f be j(-8). Suppose 0 = 4*b + f*g - 1204, 7*b - 2*b - 1505 = 4*g. What are the prime factors of b?
7, 43
Let p(k) = -44*k + 67. Let y be p(-7). Suppose 0 = -2*s, 5*s = 3*r - 6*r + y. What are the prime factors of r?
5
Let z = -2938 + 4225. Let g be ((-2 - -2)/1)/1. Suppose g = 3*w + 10*w - z. List the prime factors of w.
3, 11
Let l be (1 - -4)*((-12)/(-15))/2. Suppose 3*j + 62 - 13 = l*d, 3*d = 6. What are the prime factors of 2/10 - 1587/j?
2, 53
Let b = 90689 + -35669. List the prime factors of b.
2, 3, 5, 7, 131
Let y(z) = -4*z + 3*z**2 + 16 + 13*z**2 - 6*z**3 + 7*z**3. Let v = -59 - -43. List the prime factors of y(v).
2, 5
Let b(p) = p**3 + 17*p**2 + 18*p - 63. Let z(g) = -2*g**3 - 34*g**2 - 34*g + 127. Let f(q) = -5*b(q) - 3*z(q). List the prime factors of f(-14).
2, 3, 59
Suppose 3*d = 5*o + 658, -4*d + 7*o = 12*o - 889. Let t = -88 + d. What are the prime factors of t?
7, 19
Let q = -10 + 15. Suppose r - 488 = 5*p, 0 = -3*r - 35*p + 31*p + 1521. Suppose -4*i = 5*o - 0*o - 479, -q*o = -2*i - r. List the prime factors of o.
3, 11
Let f be (3/(-2))/((-6)/524). Suppose -x - w = 298, 4*w + f = -2*x - 455. Let h = -156 - x. What are the prime factors of h?
3, 7
Let o(n) = -2*n + 30. Let q be o(-17). Suppose q + 216 = 5*j. Suppose c + 10 - j = 0. List the prime factors of c.
2, 23
Let k(a) = a**3 - 3*a**2 + 14*a + 299. What are the prime factors of k(34)?
31, 1181
Suppose 0*l - l = q - 625, 1248 = 2*l + 4*q. Suppose -7*z + 151 = -l. What are the prime factors of z?
3, 37
Let j = -172 + 232. What are the prime factors of 6/j + 5245/50?
3, 5, 7
Suppose 6*k - 5*c = 9*k + 429, -k = -c + 135. Let t = -136 - k. Suppose r = 2*u + 104, 2*r + 0*u = t*u + 198. What are the prime factors of r?
2, 47
Suppose -18 = -4*l + 2*l - d, 26 = 3*l + 2*d. Let t be 54/10 - (-1 - (-14)/l). List the prime factors of t/(8/28*(-4)/(-8)).
5, 7
Suppose 261*z = 2520405 + 208611. List the prime factors of z.
2, 1307
Let k = -97 + 115. Suppose -16 = -22*q + k*q. Let b(s) = 5*s**3 - 8*s**2 + 2*s. What are the prime factors of b(